- r. Let c(k) = -3 + m*k - 24*k - k**2 - 16*k. Determine c(-8).
-3
Let p = -4 - 41. Let j = p - -48. Let d(c) = -c**j - 42*c**2 + 79*c**2 - 36*c**2 - c. What is d(2)?
-6
Let t(l) = l**3 - 3*l + 7. Let v be t(2). Suppose -3*o = -12*o + 54. Let r(j) = 0 - v + o + 2*j + 4. Determine r(4).
9
Let a be 6 + 0 - (-3 - -4). Suppose -3*u + 24 = -a*n, -13*n = -3*u - 10*n + 18. Let r(i) = -2*i**3 + 3*i**2 + 4*i - 3. Calculate r(u).
-18
Suppose -5*w = 3*s - 27, w - 15 = -0*s - 3*s. Let y(m) = -m**2 - m**w + 3 - 17 - 4*m**2 - 4*m + 13. What is y(-4)?
-1
Let n(a) = -5 + 25 - 3 - 19 - 8*a - 7. What is n(8)?
-73
Let s(u) = -1252*u**2 - 1247*u**2 - 1245*u**2 + 8*u + 3736*u**2 - 2. Calculate s(3).
-50
Let s(l) = -3*l. Suppose -4*a - 27 = -5*f, -a - 2*f + 15 = -4*a. Let b be (-8)/6*(-9 - 1)*a. Let d = b - -36. What is s(d)?
12
Let u(d) = d**2 + 6*d + 3. Let s be 112/(-35) - -3 - 48/(-15). Suppose -5*c - 2*x - 29 = x, c + s = -2*x. What is u(c)?
10
Let o = -13144 - -13146. Let k(x) = -6*x + 25. Determine k(o).
13
Suppose -2*k = k + 39. Let f = k - -16. Let u(s) = 60 + 8*s + f*s**3 - 4*s**3 + 6*s**2 - 68. Calculate u(7).
-1
Let d(y) = -6*y**2 + 42*y - 10. Let o(p) = 7*p**2 - 62*p + 13. Let a(v) = 3*d(v) + 2*o(v). Calculate a(-3).
-46
Let z(k) = k**2 - 8*k + 1. Suppose -2*d - 2*d = -8. Let t(g) = -3*g**2 + 16*g - 1. Let a(p) = d*t(p) + 5*z(p). Determine a(-10).
-17
Let i(s) be the second derivative of 2*s**3 + 61*s**2/2 + 11*s - 20. What is i(-5)?
1
Let c(t) = -10 + 4*t**2 + 13*t + 1 + 24 - 2*t**2. Give c(-4).
-5
Suppose 0 = 15*w - 18*w - 21. Let v(k) be the second derivative of -k**4/12 - 5*k**3/3 - 4*k**2 - 70*k + 3. Determine v(w).
13
Let a(c) = c - 16. Let f(n) = -n**2 - 9*n - 5. Let v be (-2)/9 + 817/(-171). Let y be f(v). Let b be a(y). Let m(t) = -6*t**3 + 2*t**2 - 1. Give m(b).
7
Let x(d) be the third derivative of -d**5/60 + d**4/3 + 7*d**3/2 + 949*d**2. What is x(10)?
1
Let u be ((-1088)/255 + 6/10)*-6. Let l(r) = -12 + u*r**2 + 15 - 21*r**2 + 13*r. Calculate l(-12).
-9
Let i(d) = 2168*d + 14 - 2169*d - 10. Suppose -l + 0*q = -4*q + 9, -4*q = -2*l - 14. What is i(l)?
9
Let d(k) = k. Let u(y) = -y**2 + 4*y + 2. Let h(p) = -d(p) - u(p). Let x = 14 + -29. Let c be (x/(-10))/(2/4). Give h(c).
-8
Let z(b) = -b**3 - 3*b**2 - 3*b - 4. Let d(p) be the second derivative of p**5/20 + 5*p**4/4 - 17*p**3/6 - 19*p**2/2 - 5*p. Let h be d(-16). Give z(h).
5
Suppose 5*c + 131 = 156. Let a(v) = -c*v**2 - 573 + 576 + 6*v**2 + 6*v. What is a(-6)?
3
Let t(i) = -i**2 - i - 12. Let n(m) = 9*m - 329. Let q be n(36). Give t(q).
-32
Let k(u) be the second derivative of -u**4/6 - u**3 + 44*u - 3. Let w = 5 + -10. Give k(w).
-20
Let m(l) = -4*l + 1. Let o(b) = -b**3 + 3*b**2 + 3*b - 7. Suppose 8*r = -7 + 31. Let x be o(r). Suppose 0*n + x = 4*j + n, 5*j + 2*n = 1. What is m(j)?
-3
Let o(q) = -2*q - 38. Let c be 96/(-12) + (-1 - -3)*-5. Calculate o(c).
-2
Let y(n) = 8*n - 220. Let h be (-9201)/(-330) + (-15)/(-50) - 2/11. Calculate y(h).
4
Let y be (1 - 18/30)*10/4. Let v(z) be the first derivative of -3*z**3 + z + 876. What is v(y)?
-8
Let s(o) = -o**3 - 5*o**2 - 2*o + 5. Suppose 0 = -45*i - 21*i - 264. What is s(i)?
-3
Let y(w) = w**2 + 6*w + 5. Let g be 1/(3/(6 + 0)). Suppose 3*b + 5*j + 1 = -6, j - 9 = g*b. Calculate y(b).
-3
Let i(n) = 3*n + 4. Let z(t) = -10*t - 13. Let q(u) = 7*i(u) + 2*z(u). Let k = -27338 - -27345. Give q(k).
9
Let v(j) = -j**2 + 12*j - 9. Let s be 21 + 16/(160/(-110)). Determine v(s).
11
Let i(t) = -2*t. Let u(v) = -2 - 43 + 1 - 11*v - 59. Let b be u(-9). Give i(b).
8
Let i(f) = 9*f + 18. Let v(c) = -4*c - 9. Let x = -16 - -13. Let g(p) = x*i(p) - 7*v(p). Let z be ((64/(-12))/(-4))/((-18)/81). What is g(z)?
3
Suppose 3*w - 10*w = 644. Let m = 99 + w. Suppose -3*p - 4*n - 10 = 0, -m = 5*n - 2. Let r(q) = q**2 - q - 2. Calculate r(p).
4
Let b(r) be the third derivative of -r**4/8 - 17*r**3/3 + 16*r**2. Let m be b(-12). Let a(f) = 3*f**2 - 4*f**m - 1 + 50*f - 45*f. Give a(6).
-7
Let j(i) = 9*i**2 + 97 - 8*i - 131 - 7*i**2 - 3*i. Give j(7).
-13
Let d(c) = 14 - 15*c**2 + c**3 + 16 - 21*c - 5*c**2 + c**2. Let f be d(20). Suppose 47*b + f = 42*b. Let q(t) = -7*t - 3. Give q(b).
11
Let c(y) = -3*y**3 + 23*y**2 - y - 44. Let k(h) = -7*h**3 + 49*h**2 - 2*h - 95. Let a(v) = 9*c(v) - 4*k(v). Determine a(-11).
-5
Let c(d) = -3*d**2 - 22*d + 101. Let z(k) = -5*k**2 - 45*k + 209. Let w(t) = -7*c(t) + 4*z(t). What is w(7)?
-4
Let b(i) = -57*i + 1241. Let p(z) = -19*z + 461. Let u(q) = 4*b(q) - 11*p(q). Give u(-6).
7
Suppose 28*m - 18 = 22*m. Let f(n) = 15*n**2 - 13*n**2 - 3*n**2 - 1 - 2*n - m*n. What is f(-6)?
-7
Let i be (-1)/((-1757)/350 - -5). Suppose i*f = 52*f + 14. Let s(z) = z + 7. Give s(f).
0
Let p(o) be the third derivative of o**4/24 + 26*o**3/3 - 7305*o**2. Calculate p(-57).
-5
Let g(h) = -31 - 34 + h**2 + 7 - 4*h + 8 - 24. Give g(10).
-14
Let x(s) = -s**2 - 10*s - 1. Suppose 10*u = -4*l + 12*u + 4, u = -l + 1. Let p be 5*(6 - (-246)/(-30))/l. Determine x(p).
-12
Let n(p) = 259*p**2 + 9*p - 65*p**2 - 197*p**2 - 25. Determine n(4).
-37
Let x(h) be the second derivative of -11*h**4/12 + h**3/6 + h**2/2 + 10*h + 16. What is x(-1)?
-11
Let b(m) be the first derivative of m**3/3 - m**2/2 - m + 125. Let r(p) be the first derivative of b(p). Give r(-3).
-7
Suppose -2*l = 4*m - 40, 2*m - 47 + 7 = -3*l. Let n(q) be the first derivative of q**3/3 - 5*q**2 - 12*q - 3196. Calculate n(l).
-12
Let h(z) = -5*z + 4. Let l(p) be the first derivative of p**2 - p + 41. Let b(y) = 2*h(y) + 7*l(y). Determine b(3).
13
Let o(i) = i**3 + 107*i**2 + 2*i + 201. Let m be o(-107). Let u(r) = 3*r**2 + 38*r - 16. Give u(m).
-3
Let p(x) be the third derivative of -11*x**4/24 - 181*x**3/6 + 2755*x**2. Calculate p(-16).
-5
Let z = -289 + 302. Suppose 30*b - 51 = z*b. Let t(p) = 3*p**2 - 2*p - 2. Calculate t(b).
19
Let k(f) = -f**2 + 9*f + 5. Let j(i) = -i**2 + 18*i + 16. Let g(l) = 3*j(l) - 7*k(l). Give g(2).
11
Let m(k) = 83*k + 5*k**2 + 85*k - k**3 - 2*k**2 - 163*k - 2*k**2. What is m(0)?
0
Let s(f) = -6*f**3 + 7*f**2 + 105*f - 29*f - 47*f + 5*f**3 + 51 - 35*f. Determine s(7).
9
Suppose 47*m = 43*m + 868. Let l(z) = 2 - m*z - 2*z**2 + 216*z + 8. Calculate l(-3).
-5
Let a(s) = s**3 + s**2 - 3*s + 1. Suppose -6 = -33*r + 31*r. Determine a(r).
28
Let g = 214 - 324. Let z = -107 - g. Let y(a) = 24 + 8*a - 25 - 8*a - 6*a**z. Calculate y(-1).
5
Let w(u) = -19*u + 27 + 0 + 62. Let y be w(5). Let p(b) = b**2 + 6*b - 6. What is p(y)?
-6
Let l(w) be the second derivative of w**5/40 + w**4/3 + w**3/6 - 23*w**2/2 - 25*w + 1. Let r(g) be the second derivative of l(g). Calculate r(-5).
-7
Let u(l) = 2*l**2 - 47*l + 138. Let x(o) = -o**3 + 5*o**2 + 52*o - 246. Let n be x(7). Calculate u(n).
-2
Let d(o) = -17*o + 1. Let i(c) = c. Let g(j) = d(j) + 3*i(j). Suppose w - 3*z + 16 = -0, -w - z + 4 = 0. Calculate g(w).
15
Let l(d) = -d**2 + 7*d + 7. Suppose -4*y + 42 = -5*f + 6, -2*y = -2*f - 16. Let c be 1 + (-9 - f - -11). Give l(c).
7
Let a(j) be the third derivative of -j**5/60 - j**4/8 + j**3/3 - 25*j**2. Let i be a(-2). Let r(m) = -7 - i*m - 4*m + 9*m. Determine r(5).
-2
Suppose -2 = -4*s - 2*i - 0, -4*s = -4*i - 20. Suppose -12 = -0*p - s*p. Let w(d) = 107*d**2 - 35*d**2 - 35*d**2 + 12 - 6*d - 36*d**2 - 3. Determine w(p).
9
Suppose -v + 59*x - 6 = 55*x, 4*v + 5*x = 18. Let q(p) = -p**3 + p**2 - p - 1. What is q(v)?
-7
Let f(p) be the second derivative of p**4/12 + 7*p**3/6 - 3*p**2 - p. Suppose -5443 = -218*n - 7187. Determine f(n).
2
Let r(k) = -k - 3. Let z(f) = 16*f + 31. Let d(x) = -3*x - 6. Let b(p) = -11*d(p) - 2*z(p). Let u(j) = -3*b(j) - 4*r(j). Suppose 0*s - 4*s = -4. Determine u(s).
1
Let y(o) = -41*o + 865. Let t be y(21). Let g(q) = q**2 + q + 1. Let l(n) = -6*n + 3. Let w(d) = -3*g(d) - l(d). What is w(t)?
-42
Let m(p) = 4*p**3 + 11*p**2 - 19*p + 19. Let i(w) = 9*w**3 + 24*w**2 - 43*w + 42. Let n(s) = 3*i(s) - 7*m(s). Let h = -9 + 3. What is n(h)?
5
Let b = 25 - -800. Let a = b + -822. Let u(k) be the third derivative of k**6/120 - k**5/30 - k**4/8 - k**3/2 - k**2. What is u(a)?
-3
Let o(v) be the second derivative of v**4/12 + 7*v**3/6 - 14*v**2 + v - 2081. Determine o(-8).
-20
Let c(d) be the second derivative of -d**4/12 - d**3/6 - 23*d**2/2 - 18621*d. Let s = 1 + -1. Give c(s).
-23
Le